composite?
True
Let z(d) = -23*d - 7. Let r be ((-30)/4)/((-30)/(-40)). Is z(r) composite?
False
Let t = 15 + 79. Let n be 2/(-3) - 32/(-12). Suppose 188 = 4*k - 3*s, 0 = n*k + 3*s + 2*s - t. Is k a prime number?
True
Let s be (1 + 1)*(-6)/12. Let c = s + -3. Let l(q) = -2*q**3 - 4*q**2 - 3*q + 1. Is l(c) a composite number?
True
Let i be (-65 + 0)*(-20)/(-25). Let q = i - -131. Is q a prime number?
True
Suppose -2494 = -4*w + 2*p, 1249 = 2*w - 3*p - 0*p. Is w composite?
True
Let q(a) = a**3 + 2*a**2 - 6*a - 4. Let d(w) = -2*w**2 + w + 2. Let m be d(2). Let j be q(m). Is 29/3 + (-4)/j prime?
False
Let v(y) = y + 8. Let i be v(-7). Let n be (30 + -1)*(0 + i). Suppose 2*l + 3*b = 75, 2*l + 4*b = 45 + n. Is l composite?
True
Suppose 0 = 3*z - 12, -319 = -3*n - z + 156. Is n a prime number?
True
Suppose 2*o = 3*o + 2*u - 389, -1578 = -4*o + 3*u. Is o prime?
False
Let w(d) = d**3 - d**2 - 4*d + 3. Let s be w(3). Suppose -s*o = -4*o + 5. Let z = o + 10. Is z prime?
False
Let p(f) be the third derivative of -3*f**4/4 - f**3/6 - f**2. Let a be 10/(-15)*1*3. Is p(a) a composite number?
True
Let m be 6 - 1*0/3. Let t(g) = g - 3. Let j be t(m). Suppose z = 38 - j. Is z prime?
False
Let i = -24 - -395. Is i composite?
True
Suppose 5*b - 6 = 4*b. Suppose -3*j + b = -h, h + 0*j - 2*j + 3 = 0. Is -3 - (-61*3)/h a composite number?
True
Suppose -4*i - 1358 = -6*i. Is i a prime number?
False
Let v = -40 - -26. Is (-11)/4*(v + 2) composite?
True
Let l be -3 - -1 - (1 + -6). Suppose l*h + 11 = -0*h - 4*j, h = -2*j - 5. Is (h - 0)/((-5)/125) prime?
False
Let x be 2 + (-2 - (-1 + 1)). Suppose x = -3*h + 12 - 3. Suppose -2*b = -2*p + 44, -b + 0*b = h*p - 54. Is p a prime number?
True
Suppose w - 3 = -1. Let j be (-48)/(-27) - w/(-9). Suppose 0*h = j*h - 68. Is h a prime number?
False
Suppose -3*s - s = -8. Let k(l) = 18*l + 3. Let u be k(3). Suppose j - u = -s*j. Is j prime?
True
Let j = 893 + -600. Is j a prime number?
True
Suppose 0 = -4*m - 5*f + 2, -m + 5*f - 4*f + 5 = 0. Let t(c) = 6*c**2 - 3. Is t(m) a prime number?
False
Suppose 29 = -3*w - l, -2*w + 5*l = -7*w - 65. Let x = w + 10. Suppose x*t = 6*t - 248. Is t a composite number?
True
Let u(s) = 29*s**2 - 12*s - 25. Is u(-4) a prime number?
True
Suppose -18 = -4*m - 114. Let n = m - -47. Is n composite?
False
Let d = 102 + -57. Suppose 6*t - d = t. Is ((-318)/t)/(2/(-3)) prime?
True
Is (-1)/1 - (-2792)/4 composite?
True
Let j(c) = c**2 + 10. Let i be j(0). Let p be 54/4*i/(-3). Is 986/18 - 10/p composite?
True
Let a(c) = 84*c**3 + c**2 - c - 1. Is a(2) prime?
True
Let g(y) = -111*y - 1. Suppose -7*r + 3*r - 4 = 0. Let o be g(r). Suppose 3*p - o = -2*p. Is p a prime number?
False
Let m(v) = 2*v**2 + 4*v - 10. Let q be m(-8). Suppose -5*h + z - 6*z = -215, -q = -2*h + 4*z. Is h a composite number?
False
Let d(t) = t**2 - 4*t + 5. Let y be d(3). Suppose -y*j + 11 = -65. Is j composite?
True
Let r(z) = 57*z - 37. Is r(3) composite?
True
Let m be ((-6292)/8)/(-13) - 1/(-2). Suppose -5*t - 10 + 0 = 0. Let q = m + t. Is q a composite number?
False
Is 6/2 - 1*-16*74 a prime number?
True
Let m = -64 - -97. Let l be (-6)/33 - (-72)/m. Is 326*1/l*1 a composite number?
False
Let b = 156 - -111. Suppose -w + b = 2*w. Is w composite?
False
Let y be (-42 - (0 - -2)) + -2. Let v = 3 + -2. Let t = v - y. Is t a prime number?
True
Let p = -154 - -225. Is p a prime number?
True
Let h = -21 - -52. Let j = -20 + h. Is j composite?
False
Let l(i) be the second derivative of -i**5/20 - 5*i**4/6 - 2*i**3 + 2*i**2 - i. Is l(-9) a prime number?
True
Suppose -3*q + 138 = -q. Let k = q + -133. Let h = k - -101. Is h a composite number?
False
Suppose -4*h + 2*h = 4*p - 386, 5*p = h - 186. Is h a composite number?
False
Let x = 2 + 20. Is 1/(x/(-23) - -1) a prime number?
True
Let h(j) = j - 11. Let u be h(8). Let d be u/(-9) - 11/(-3). Suppose 36 + 16 = d*b. Is b a prime number?
True
Let f(l) = l**3 + 6*l**2 + 5*l - 2. Let w be f(-5). Is -223*(2 + w + -1) composite?
False
Suppose 99 = -5*b + 2*q, 0*b + 5*q - 48 = 2*b. Let k = 29 + b. Is k a prime number?
False
Is (-2 - -1) + 254 + 7 + -7 a composite number?
True
Suppose 3*k = 3*d + 2229, 2*d + 648 = k - 99. Is k a composite number?
False
Let u(k) = -9*k + 10. Is u(-5) prime?
False
Let m(r) = 193*r**2 - 4*r + 3. Is m(-4) composite?
True
Suppose 0 = -4*v + 12*v - 24824. Is v a composite number?
True
Let k = -414 + 721. Is k a prime number?
True
Suppose 95 = 2*o - 7. Is o a composite number?
True
Let s = 6 + -15. Let z be 4/(-18) + (-1721)/s. Let g = z - 112. Is g a composite number?
False
Let d = 57 - -92. Is d a prime number?
True
Suppose 0*x = 5*x - 25. Let z(l) = -l - x + 2 - l. Is z(-6) a composite number?
True
Is ((-4395)/6)/(-1*1/2) composite?
True
Suppose r - 2*j = 2775, 13572 + 318 = 5*r + 5*j. Is r prime?
True
Let d = -20 + 10. Is (-7)/35 - 7092/d prime?
True
Suppose 2*w = 3*w - 70. Suppose -240 = -5*m - 3*f, f - w = -m - 24. Let u = m + -36. Is u prime?
False
Let w = 4 - 4. Suppose 3*v + 5*f - 10 = w, 3*v - 4*f = 2*v - 25. Is 2 - (-3 - v)*-4 a prime number?
False
Is (40/8 - 6) + 4*77 a prime number?
True
Let v(u) be the third derivative of -u**5/60 - u**4 + 2*u**3 + 2*u**2. Is v(-11) composite?
True
Suppose 0 = -3*x - 2*p + 10, 0 = -x - 4*p - 0*p + 20. Suppose -5*d - 16 = 2*g, x = -5*g - 5*d - 11 + 1. Suppose g*s + s = 141. Is s composite?
False
Suppose -151 = -2*q - 39. Let b = q + -34. Is b composite?
True
Suppose 4*g = -g + 20. Suppose -g*w + 232 + 228 = 0. Is w a prime number?
False
Suppose 0 = -c + 7*c - 342. Is c a prime number?
False
Suppose 2*q = -p + 3*q + 6, p = -2*q - 3. Suppose -1165 = -2*a - p*a. Is a composite?
False
Is 3/(-1) + -2 + 418 composite?
True
Suppose -21 = 2*t - 3. Let p = t + 100. Is p composite?
True
Let y(w) = -w**2 - 6*w - 2. Let g be y(-3). Let t = g + 42. Is t prime?
False
Let b = 9 - 18. Is -115*b/30*2 prime?
False
Let v be (-2)/3 + 651/(-9). Let x = v - -104. Suppose -3*k + x = 2*c + 2*c, -32 = -4*c - 4*k. Is c composite?
False
Let l(p) = p**2 - 7*p - 8. Let c be l(8). Suppose -2*a + c*a = -154. Is a prime?
False
Suppose -12*p + 7*p = 0. Is p - 237/(0 + -3) prime?
True
Let w(i) = 6*i**2 + 11*i + 7. Let m(c) = -7*c**2 - 12*c - 7. Let j(a) = 5*m(a) + 6*w(a). Is j(-12) a prime number?
True
Let v(k) = 2*k**2 + 4*k + 7. Suppose 3*z = -c - 0*z + 2, c - 2*z = 2. Suppose 0 = 4*m - 5*j + 38, -3*m - 15 = c*j + j. Is v(m) prime?
False
Let i = 176 - -262. Let v = -1 - -1. Suppose v = 5*u - 1463 + i. Is u a composite number?
True
Let c(m) = 30*m**2 - 34*m - 19. Is c(-8) prime?
False
Let s(b) = 22*b - 19. Suppose q + 2*a - 14 = -0*q, 0 = q - 4*a - 2. Is s(q) prime?
False
Suppose 27 = y - 4*u, y + 3*y + 4*u - 8 = 0. Is y prime?
True
Let n = -96 - -223. Is n a composite number?
False
Let q(m) = -39*m - 7. Is q(-4) a composite number?
False
Let p = 9778 - 6687. Is p prime?
False
Suppose -o + 395 = 4*o. Is o a prime number?
True
Let n(y) = y + 5. Let i be n(-6). Let l = 3 + i. Is ((-298)/(-4))/(1/l) a prime number?
True
Let n = 3029 - 2070. Is n a composite number?
True
Let n(j) = j**3 + 9*j**2 - j - 7. Suppose -9 = 3*b + 18. Let t be n(b). Is ((-111)/6)/(t/(-4)) composite?
False
Let q be (-6)/((-4)/(-2)) + 5. Let s be 2 - q - (3 + -80). Let c = s + -44. Is c composite?
True
Suppose -2 - 6 = -2*f. Suppose 5 = -5*i - 5*p, 1 = f*i - 5*i - 3*p. Is (-63)/i + 2/1 a prime number?
False
Let b(k) be the third derivative of k**7/126 - k**6/720 + k**4/8 - k**2. Let o(g) be the second derivative of b(g). Is o(1) composite?
False
Let c(t) = 11*t**2 - 3*t + 1. Let w(p) = -4*p**2 + 6*p + 0*p**2 + 2 + 5*p**2. Let q be w(-6). Is c(q) a composite number?
True
Suppose 441 = -4*n + 5477. Is n composite?
False
Suppose 0 = -o + 2, -2*o = a + 2*a - 49. Is a a prime number?
False
Let q = -13 + 8. Let o(f) = -13*f - 6. Is o(q) composite?
False
Let y = 17 - 10. Suppose x - y = 2*i - 0*i, 0 = -3*i. Is x prime?
True
Suppose -6*v - 15 = -9*v. Suppose 0 = 5*l - 4*i - 685, 5*i - 184 - 123 = -2*l. Suppose -94 = -4*w - m, 5*m + 16 - l = -v*w. Is w a prime number?
True
Let p be (-2)/(-5) - 178/(-5). Suppose 3*t = 4*n - 3*n + p, -3*n = -3*t + 30. Suppose j - 2*j + t = 0. Is j a prime number?
True
Let v = 291 + -206. Is v a composite number?
True
Let i(t) = -t. Let h(r) = 40*r + 1. Let a(j) =